9, what is 2 + 327358?
327361
In base 7, what is 106 - -501132?
501241
In base 2, what is -11011 + -100101001001101?
-100101001101000
In base 14, what is 23b0 + -9d?
2311
In base 16, what is 6236 - 6?
6230
In base 4, what is 11 - 2211033?
-2211022
In base 3, what is 100120122021 - 11?
100120122010
In base 5, what is -13 - 30133422?
-30133440
In base 15, what is 30957 + -5?
30952
In base 2, what is 111 - 100010101100?
-100010100101
In base 7, what is 203 - 10155?
-6652
In base 8, what is -46 + 15024?
14756
In base 10, what is -1 + -11322?
-11323
In base 11, what is -66806 + -1?
-66807
In base 12, what is 264 - -4?
268
In base 16, what is 7 - -6074?
607b
In base 11, what is 2 - -20344?
20346
In base 12, what is 6226 + -17?
620b
In base 14, what is 143 - b?
136
In base 2, what is 1011101 - -10000000010?
10001011111
In base 3, what is -2110100 - 22210?
-2210010
In base 5, what is 3334 + 1324?
10213
In base 14, what is -194 - -50?
-144
In base 6, what is 120 - 33151?
-33031
In base 4, what is -3 + 3312310?
3312301
In base 7, what is 5305546 + -5?
5305541
In base 10, what is 95 - 2?
93
In base 2, what is 1101 + 111000101110001?
111000101111110
In base 5, what is 1133 + -3341?
-2203
In base 11, what is 1 - -17a7a0?
17a7a1
In base 15, what is 1b - 57bc?
-57a1
In base 2, what is -11100100110011 + 1?
-11100100110010
In base 12, what is 4 + 28985?
28989
In base 10, what is 5 - 87786?
-87781
In base 6, what is 2313240 + 1?
2313241
In base 6, what is -521005 - -5?
-521000
In base 2, what is 110001011000100 - -1010100?
110001100011000
In base 15, what is -1 + -c53?
-c54
In base 6, what is 115 + 433505?
434024
In base 6, what is -3010 - -143340?
140330
In base 6, what is -5 - 114210?
-114215
In base 15, what is -9 - 4b5?
-4be
In base 9, what is -51 - -31667?
31616
In base 11, what is 4464 + -5?
445a
In base 6, what is 243244 + 21?
243305
In base 7, what is -1640 - 4256?
-6226
In base 6, what is -114441 - -150?
-114251
In base 11, what is 2678 - 363?
2315
In base 13, what is 162907 + -11?
1628c6
In base 8, what is 67 - -544?
633
In base 5, what is -303 + 323231?
322423
In base 7, what is 5633232 - 3?
5633226
In base 13, what is 3059 + -2?
3057
In base 16, what is -ec - -58?
-94
In base 12, what is -4 - -10211?
10209
In base 7, what is -100 + 53623?
53523
In base 5, what is 4 - 4040010?
-4040001
In base 16, what is 2 - -96b?
96d
In base 15, what is -748c8 - -1?
-748c7
In base 16, what is 11118a + 4?
11118e
In base 9, what is -4721705 - 1?
-4721706
In base 9, what is -21 + 12587?
12566
In base 11, what is -543 - 41?
-584
In base 12, what is -a535 - 5?
-a53a
In base 15, what is 27bd6 + 4?
27bda
In base 2, what is -11101000111011100001 + 100?
-11101000111011011101
In base 4, what is -3 - -2111210122?
2111210113
In base 7, what is -35 + 2460?
2422
In base 9, what is 467 + 116?
584
In base 12, what is 548 - -373?
8bb
In base 14, what is -8 + -13c97?
-13ca1
In base 16, what is 1 - 3bda?
-3bd9
In base 5, what is 2 - 110103?
-110101
In base 6, what is 3115 + -3033?
42
In base 7, what is -11646 + 4?
-11642
In base 2, what is 1 - -10010011100001001000?
10010011100001001001
In base 9, what is 635451 - -4?
635455
In base 5, what is 2242 - -224441?
232233
In base 9, what is -5 + -110062?
-110067
In base 15, what is 48a - cb?
3ae
In base 16, what is -d5 + -78?
-14d
In base 2, what is 11011101111010111 + 100?
11011101111011011
In base 7, what is 110413 + -23?
110360
In base 16, what is 0 + -f2c0f?
-f2c0f
In base 2, what is 100011010100001110 - 1110?
100011010100000000
In base 15, what is -156 - -39?
-11c
In base 9, what is 533201 + 8?
533210
In base 7, what is -1 - 15011235?
-15011236
In base 8, what is -44 - 15575?
-15641
In base 12, what is 11b375 - 2?
11b373
In base 14, what is 2640 + 21?
2661
In base 6, what is -150500 - -1?
-150455
In base 5, what is -1231 + 200?
-1031
In base 10, what is 1 + -18283?
-18282
In base 12, what is -2706 - 5?
-270b
In base 16, what is 4e - 27f?
-231
In base 5, what is -10 + -2042403?
-2042413
In base 15, what is -33 + 1317?
12d4
In base 15, what is -1 + 14c54?
14c53
In base 12, what is 5 + 561?
566
In base 12, what is 1 + -a2a?
-a29
In base 8, what is -2 + 77257?
77255
In base 10, what is 29 - 1615?
-1586
In base 3, what is 2100102222 - 0?
2100102222
In base 6, what is -153255 + -20?
-153315
In base 6, what is 3352 + -21125?
-13333
In base 12, what is -6 + -760?
-766
In base 16, what is 5d07c + -2?
5d07a
In base 6, what is 1202 - -3102?
4304
In base 7, what is -25041 - 40?
-25111
In base 12, what is -57 - 2091?
-2128
In base 8, what is -4 + -300070?
-300074
In base 8, what is 3 + 32205?
32210
In base 15, what is -18c5 + d?
-18b7
In base 8, what is 1 + -1051202?
-1051201
In base 11, what is 101839 - 5?
101834
In base 10, what is 58134 - -3?
58137
In base 14, what is 70029 + 3?
7002c
In base 6, what is -5 - -12551450?
12551441
In base 7, what is 422460 - 1?
422456
In base 12, what is 19 - -5535?
5552
In base 5, what is -3 + -2110142?
-2110200
In base 6, what is -21 - 1014?
-1035
In base 16, what is -3 + 11e0?
11dd
In base 11, what is -10986 - -55?
-10931
In base 6, what is -31300150 - 3?
-31300153
In base 13, what is 10773 - 5?
1076b
In base 6, what is 34232012 + -3?
34232005
In base 16, what is -86adf + -4?
-86ae3
In base 13, what is -434 + -6b?
-4a2
In base 4, what is 10 + 30230222?
30230232
In base 3, what is 1002112000 + -2?
1002111221
In base 4, what is 3020312022 + 3?
3020312031
In base 15, what is 36132 + -a?
36127
In base 13, what is -c0006 - 0?
-c0006
In base 13, what is -203b - -22?
-2019
In base 9, what is 1 - -201817?
201818
In base 10, what is 0 - -20214?
20214
In base 4, what is 1332 + -112210?
-110212
In base 8, what is 20 + -26734?
-26714
In base 14, what is -3d0 + 8d?
-341
In base 14, what is 14 - -3bbb?
3bd1
In base 9, what is -4 - -605467?
605463
In base 10, what is 95 + 1237?
1332
In base 16, what is 38 + -18a?
-152
In base 10, what is -8458 + 14?
-8444
In base 3, what is 22010120 + -2212?
22000201
In base 3, what is 2120122 - 112?
2120010
In base 3, what is 21 + 221221222?
221222020
In base 13, what is 1 - -687c6?
687c7
In base 3, what is 12102202 + -2?
12102200
In base 6, what is -4545300 + -3?
-4545303
In base 9, what is 4 + 1016056?
1016061
In base 16, what is -d88b2 - 0?
-d88b2
In base 3, what is 211 + -10121?
-2210
In base 11, what is -1a - 69823?
-69842
In base 7, what is -46 - -60345?
60266
In base 3, what is 2 - -112021002?
112021011
In base 10, what is -1 - 9948?
-9949
In base 6, what is 124543 + -2?
124541
In base 2, what is 1001011110110111 - 1011101?
1001011101011010
In base 15, what is -2dc4 - 3?
-2dc7
In base 15, what is 1b7b + 142?
1cbd
In base 8, what is -1 - 2473?
-2474
In base 4, what is 1103222230 + -12?
1103222212
In base 8, what is -23 + -113600?
-113623
In base 8, what is 54 + 62503?
62557
In base 2, what is -1001001111101010 + -1?
-1001001111101011
In base 14, what is 442626 - -5?
44262b
In base 12, what is 119a3 + -1?
119a2
In base 13, what is 15 + -1c8?
-1b3
In base 15, what is 8 + -418c?
-4184
In base 10, what is 31 - -955?
986
In base 12, what is 12759 + 10?
12769
In base 3, what is 1 - 2220110212?
-2220110211
In base 15, what is -4bb7 + -1?
-4bb8
In base 3, what is -1220011202 + 201?
-1220011001
In base 10, what is -6 + -26022?
-26028
In base 5, what is -1343 + -42324?
-44222
In base 11, what is 19999a4 + 0?
19999a4
In base 6, what is -153 + -15153?
-15350
In base 12, what is 4b06 + -1a7?
491b
In base 14, what is 59b0 + -60?
5950
In base 3, what is 10022212 - -2010?
10101222
In base 7, what is 4355511 + 0?
4355511
In base 2, what is 11011010000000111 - -10010?
11011010000011001
In base 11, what is 4455 - -4?
4459
In base 5, what is 12 + -1212211?
-1212144
In base 11, what is -36 - -1059?
1023
In base 13, what is -135b57 + 0?
-135b57
In base 11, what is -9980 - -64?
-9917
In base 4, what is 123 - 23001?
-22212
In base 11, what is a + -5138?
-5129
In base 6, what is 15 + 100552?
101011
In base 3, what is -1 + 1012221220110?
1012221220102
In base 9, what is 246827 - -2?
246830
In base 14, what is 19a8 - -4?
19ac
In base 9, what is -1 + 14062?
14061
In base 11, what is a9 + 46?
144
In base 8, what is -610 - -1675?
1065
In base 2, what is -10100010000101010 - -11?
-10100010000100111
In base 13, 